{"id":128,"date":"2018-09-05T06:51:07","date_gmt":"2018-09-05T04:51:07","guid":{"rendered":"http:\/\/www.islom.sk\/web\/?page_id=128"},"modified":"2024-07-01T12:03:54","modified_gmt":"2024-07-01T10:03:54","slug":"historia-firmy","status":"publish","type":"page","link":"http:\/\/www.islom.sk\/web\/historia-firmy\/","title":{"rendered":"Historia firmy"},"content":{"rendered":"<p>&nbsp;<\/p>\n<p>Firma s.r.o. IS-LOM, Maglovec jest dynamiczne firma za\u0142o\u017cona w 1995, kt\u00f3ra obecnie nale\u017cy do najwi\u0119kszym dostawc\u0105 kamieni kruszone w obszarze wschodniej S\u0142owacji.<\/p>\n<p>Od 1998 r. naszych dob\u00fdvac\u00ed przestrze\u0144\u00a0Vy\u0161n\u00e1 \u0160ebastov\u00e1 pomocy.<br \/>\nWytnij kamienia z bardzo wysokiej jako\u015bci ska\u0142y do najwy\u017cszej klasy, przetwarzamy kamienie lub przerwane. Dioritov\u00fd spe\u0142nia najsurowsze kryteria stosowane w budownictwie tych porfyrit.<br \/>\nW latach 2006-2007 mia\u0142a miejsce kompleksowej rekonstrukcji linii produkcyjnej do produkcji &#8220;suchego&#8221;. Powodem by\u0142o nie tylko rozszerzenia zakresu produktu i poprawy \u015brodowiska pracy, ale tak\u017ce do wzmocnienia ochrony \u015brodowiska i otaczaj\u0105cego go regionu.<\/p>\n<p>Od 2006 naszym terytorium g\u00f3rnictwa shores dzia\u0142alno\u015bci prowadzonej g\u00f3rnictwa spos\u00f3b.<br \/>\nAndezyt wydobyty kamieni o najwy\u017cszej jako\u015bci, przetwarzamy na pyroxenick\u00fd zgnieciony klas.<\/p>\n<p>Firma k\u0142a\u015b\u0107 nacisk na jako\u015b\u0107 naszych produkcji i elastyczno\u015b\u0107 do r\u00f3\u017cnych potrzeb ich us\u0142ug, jeste\u015bmy klient\u00f3w. Dostarczamy kamienie wysokiej jako\u015bci nie tylko du\u017ce przedsi\u0119biorstwa, ale tak\u017ce ma\u0142ych i \u015brednich budynku, tw\u00f3rca jest nieznana w poszczeg\u00f3lnych budowy. Naszym celem jest r\u00f3wnie\u017c obejmowa\u0107 egzekwowania penetracji rynku na rynkach zagranicznych.<\/p>\n<p>Stworzyli\u015bmy tradycj\u0105 w g\u00f3rnictwie i pracy na bogate do\u015bwiadczenie naszych profesjonalny personel poprzedniego podmiot\u00f3w gospodarczych, kamienio\u0142omach i kopalni na tym obszarze, mimo wszystko, historia Vy\u0161nej \u0160ebastovej si\u0119ga 30. lata zesz\u0142ego wieku.<\/p>\n<p>Jeste\u015bmy cz\u0142onkiem S\u0142owackiego Stowarzyszenia Producent\u00f3w Kruszyw.<\/p>\n<p><a href=\"https:\/\/szvk.sk\/en\/\"><img decoding=\"async\" loading=\"lazy\" class=\"alignnone size-medium wp-image-618\" src=\"http:\/\/www.islom.sk\/web\/wp-content\/uploads\/2024\/07\/logo-SZVK-300x89.png\" alt=\"\" width=\"300\" height=\"89\" srcset=\"http:\/\/www.islom.sk\/web\/wp-content\/uploads\/2024\/07\/logo-SZVK-300x89.png 300w, http:\/\/www.islom.sk\/web\/wp-content\/uploads\/2024\/07\/logo-SZVK.png 491w\" sizes=\"(max-width: 300px) 100vw, 300px\" \/><\/a><\/p>\n","protected":false},"excerpt":{"rendered":"<p>&nbsp; Firma s.r.o. IS-LOM, Maglovec jest dynamiczne firma za\u0142o\u017cona w 1995, kt\u00f3ra obecnie nale\u017cy do najwi\u0119kszym dostawc\u0105 kamieni kruszone w obszarze wschodniej S\u0142owacji. Od 1998 r. naszych dob\u00fdvac\u00ed przestrze\u0144\u00a0Vy\u0161n\u00e1 \u0160ebastov\u00e1 pomocy. Wytnij kamienia z bardzo wysokiej jako\u015bci ska\u0142y do najwy\u017cszej klasy, przetwarzamy kamienie lub przerwane. Dioritov\u00fd spe\u0142nia najsurowsze kryteria stosowane w budownictwie tych porfyrit. W latach 2006-2007 mia\u0142a miejsce kompleksowej rekonstrukcji linii produkcyjnej do produkcji &#8220;suchego&#8221;. Powodem by\u0142o nie tylko rozszerzenia zakresu produktu i poprawy \u015brodowiska pracy, ale tak\u017ce do wzmocnienia ochrony \u015brodowiska i otaczaj\u0105cego go regionu. Od 2006 naszym terytorium g\u00f3rnictwa shores dzia\u0142alno\u015bci prowadzonej g\u00f3rnictwa spos\u00f3b. Andezyt wydobyty kamieni <\/p>\n","protected":false},"author":1,"featured_media":0,"parent":0,"menu_order":0,"comment_status":"closed","ping_status":"closed","template":"","meta":[],"_links":{"self":[{"href":"http:\/\/www.islom.sk\/web\/wp-json\/wp\/v2\/pages\/128"}],"collection":[{"href":"http:\/\/www.islom.sk\/web\/wp-json\/wp\/v2\/pages"}],"about":[{"href":"http:\/\/www.islom.sk\/web\/wp-json\/wp\/v2\/types\/page"}],"author":[{"embeddable":true,"href":"http:\/\/www.islom.sk\/web\/wp-json\/wp\/v2\/users\/1"}],"replies":[{"embeddable":true,"href":"http:\/\/www.islom.sk\/web\/wp-json\/wp\/v2\/comments?post=128"}],"version-history":[{"count":5,"href":"http:\/\/www.islom.sk\/web\/wp-json\/wp\/v2\/pages\/128\/revisions"}],"predecessor-version":[{"id":625,"href":"http:\/\/www.islom.sk\/web\/wp-json\/wp\/v2\/pages\/128\/revisions\/625"}],"wp:attachment":[{"href":"http:\/\/www.islom.sk\/web\/wp-json\/wp\/v2\/media?parent=128"}],"curies":[{"name":"wp","href":"https:\/\/api.w.org\/{rel}","templated":true}]}}