{"id":151,"date":"2018-09-05T07:59:51","date_gmt":"2018-09-05T05:59:51","guid":{"rendered":"http:\/\/www.islom.sk\/web\/?page_id=151"},"modified":"2024-03-06T07:55:21","modified_gmt":"2024-03-06T06:55:21","slug":"price-lists","status":"publish","type":"page","link":"http:\/\/www.islom.sk\/web\/en\/price-lists\/","title":{"rendered":"Price lists"},"content":{"rendered":"<p><strong><a href=\"http:\/\/www.islom.sk\/web\/wp-content\/uploads\/2024\/03\/Cennik-od-1.3.2024-1.pdf\">Price list Maglovec valid from 1st of March, 2024<\/a><\/strong><\/p>\n<p><strong><a href=\"http:\/\/www.islom.sk\/web\/wp-content\/uploads\/2024\/03\/Cennik-2024-LCK-1.pdf\">Price list \u010cierne K\u013ea\u010dany valid from 1st of March, 2024<\/a><\/strong><\/p>\n<p>&nbsp;<\/p>\n<p>&nbsp;<\/p>\n<p>&nbsp;<\/p>\n<p>&nbsp;<\/p>\n<p>&nbsp;<\/p>\n<p><span id=\"result_box\" class=\"\" lang=\"en\"><\/span><span id=\"result_box\" class=\"\" lang=\"en\"><span class=\"\"><br \/>\n<\/span><\/span><\/p>\n","protected":false},"excerpt":{"rendered":"<p>Price list Maglovec valid from 1st of March, 2024 Price list \u010cierne K\u013ea\u010dany valid from 1st of March, 2024 &nbsp; &nbsp; &nbsp; &nbsp; &nbsp;<\/p>\n","protected":false},"author":1,"featured_media":0,"parent":0,"menu_order":0,"comment_status":"closed","ping_status":"closed","template":"","meta":[],"_links":{"self":[{"href":"http:\/\/www.islom.sk\/web\/wp-json\/wp\/v2\/pages\/151"}],"collection":[{"href":"http:\/\/www.islom.sk\/web\/wp-json\/wp\/v2\/pages"}],"about":[{"href":"http:\/\/www.islom.sk\/web\/wp-json\/wp\/v2\/types\/page"}],"author":[{"embeddable":true,"href":"http:\/\/www.islom.sk\/web\/wp-json\/wp\/v2\/users\/1"}],"replies":[{"embeddable":true,"href":"http:\/\/www.islom.sk\/web\/wp-json\/wp\/v2\/comments?post=151"}],"version-history":[{"count":21,"href":"http:\/\/www.islom.sk\/web\/wp-json\/wp\/v2\/pages\/151\/revisions"}],"predecessor-version":[{"id":608,"href":"http:\/\/www.islom.sk\/web\/wp-json\/wp\/v2\/pages\/151\/revisions\/608"}],"wp:attachment":[{"href":"http:\/\/www.islom.sk\/web\/wp-json\/wp\/v2\/media?parent=151"}],"curies":[{"name":"wp","href":"https:\/\/api.w.org\/{rel}","templated":true}]}}