{"id":16,"date":"2018-08-20T07:16:10","date_gmt":"2018-08-20T05:16:10","guid":{"rendered":"http:\/\/www.islom.sk\/web\/?page_id=16"},"modified":"2026-01-17T15:57:30","modified_gmt":"2026-01-17T14:57:30","slug":"cenniky","status":"publish","type":"page","link":"http:\/\/www.islom.sk\/web\/cenniky\/","title":{"rendered":"Cenn\u00edky"},"content":{"rendered":"<p>&nbsp;<\/p>\n<p><a href=\"http:\/\/www.islom.sk\/web\/wp-content\/uploads\/2026\/01\/Cennik-2026-LCK.pdf\">Cenn\u00edk Lom \u010cierne K\u013ea\u010dany &#8211; tu na stiahnutie<\/a><\/p>\n<p><a href=\"http:\/\/www.islom.sk\/web\/wp-content\/uploads\/2026\/01\/Maglovec-od-1.1.2026.pdf\">Cenn\u00edk Lom Maglovec &#8211; tu na stiahnutie<\/a><\/p>\n<p>&nbsp;<\/p>\n<p>&nbsp;<\/p>\n<p>V lomoch nie je mo\u017en\u00e9 plati\u0165 platobn\u00fdmi kartami.<\/p>\n<p>&nbsp;<\/p>\n<p>&nbsp;<\/p>\n","protected":false},"excerpt":{"rendered":"<p>&nbsp; Cenn\u00edk Lom \u010cierne K\u013ea\u010dany &#8211; tu na stiahnutie Cenn\u00edk Lom Maglovec &#8211; tu na stiahnutie &nbsp; &nbsp; V lomoch nie je mo\u017en\u00e9 plati\u0165 platobn\u00fdmi kartami. &nbsp; &nbsp;<\/p>\n","protected":false},"author":1,"featured_media":0,"parent":0,"menu_order":0,"comment_status":"closed","ping_status":"closed","template":"","meta":[],"_links":{"self":[{"href":"http:\/\/www.islom.sk\/web\/wp-json\/wp\/v2\/pages\/16"}],"collection":[{"href":"http:\/\/www.islom.sk\/web\/wp-json\/wp\/v2\/pages"}],"about":[{"href":"http:\/\/www.islom.sk\/web\/wp-json\/wp\/v2\/types\/page"}],"author":[{"embeddable":true,"href":"http:\/\/www.islom.sk\/web\/wp-json\/wp\/v2\/users\/1"}],"replies":[{"embeddable":true,"href":"http:\/\/www.islom.sk\/web\/wp-json\/wp\/v2\/comments?post=16"}],"version-history":[{"count":28,"href":"http:\/\/www.islom.sk\/web\/wp-json\/wp\/v2\/pages\/16\/revisions"}],"predecessor-version":[{"id":353,"href":"http:\/\/www.islom.sk\/web\/wp-json\/wp\/v2\/pages\/16\/revisions\/353"}],"wp:attachment":[{"href":"http:\/\/www.islom.sk\/web\/wp-json\/wp\/v2\/media?parent=16"}],"curies":[{"name":"wp","href":"https:\/\/api.w.org\/{rel}","templated":true}]}}