{"id":20,"date":"2018-08-20T07:13:40","date_gmt":"2018-08-20T05:13:40","guid":{"rendered":"http:\/\/www.islom.sk\/web\/?page_id=20"},"modified":"2024-03-06T07:50:00","modified_gmt":"2024-03-06T06:50:00","slug":"kontakt","status":"publish","type":"page","link":"http:\/\/www.islom.sk\/web\/kontakt\/","title":{"rendered":"Kontakt"},"content":{"rendered":"<div class=\"contentBig\">\n<p><span style=\"color: #000000;\">S\u00eddlo spolo\u010dnosti: <\/span><\/p>\n<p><span style=\"color: #000000;\"><b>IS-LOM s.r.o., Maglovec<br \/>\n<\/b>042 45 Ko\u0161ice, Priemyseln\u00e1 6<\/span><\/p>\n<p>&nbsp;<\/p>\n<p><span style=\"color: #000000;\"><b>Lom Maglovec<br \/>\n<\/b>080 06, Vy\u0161n\u00e1 \u0160ebastov\u00e1 213<\/span><\/p>\n<p><span style=\"color: #000000;\"><strong>Obchodn\u00fd mana\u017e\u00e9r\/Predaj: Danka \u0160\u010davnick\u00e1<\/strong><br \/>\nTel.: +421\u00a0903\u00a0635 880<br \/>\nEmail: <a href=\"mailto:danka.scavnicka@colas-sk.sk\">danka.scavnicka@colas-sk.sk<\/a><\/span><\/p>\n<p><span style=\"color: #000000;\">Exped\u00edcia: Marec-December\/PO \u2013 PIA: 6:00 \u2013 20:00<br \/>\nTel.: +421 902 901 172<\/span><\/p>\n<p><span style=\"color: #000000;\"><b>Lom \u010cierne K\u013ea\u010dany<\/b><\/span><\/p>\n<p><span style=\"color: #000000;\"><strong>Ved\u00faca lomu\/Predaj: Nikoleta Laurincov\u00e1<\/strong><br \/>\nTel.: +421\u00a0911\u00a0146\u00a0726<br \/>\nEmail: <a href=\"mailto:nikoleta.laurincova@colas-sk.sk\">nikoleta.laurincova@colas-sk.sk<\/a><\/span><\/p>\n<p><span style=\"color: #000000;\">Exped\u00edcia: PO \u2013 PIA: 6:00 \u2013 14:30<br \/>\nTel.: +421\u00a0910\u00a0804\u00a0002<\/span><\/p>\n<p><span style=\"color: #000000;\"><b>Ved\u00faci strediska lomy:<\/b><\/span><\/p>\n<p><span style=\"color: #000000;\">Ing. R\u00f3bert Kredatus<br \/>\n<\/span><span style=\"color: #000000;\">Tel.: +421\u00a0902\u00a0901\u00a0168<br \/>\n<\/span><span style=\"color: #000000;\">Email: <a href=\"mailto:robert.kredatus@colas-sk.sk\">robert.kredatus@colas-sk.sk<\/a><\/span><\/p>\n<\/div>\n","protected":false},"excerpt":{"rendered":"<p>S\u00eddlo spolo\u010dnosti: IS-LOM s.r.o., Maglovec 042 45 Ko\u0161ice, Priemyseln\u00e1 6 &nbsp; Lom Maglovec 080 06, Vy\u0161n\u00e1 \u0160ebastov\u00e1 213 Obchodn\u00fd mana\u017e\u00e9r\/Predaj: Danka \u0160\u010davnick\u00e1 Tel.: +421\u00a0903\u00a0635 880 Email: danka.scavnicka@colas-sk.sk Exped\u00edcia: Marec-December\/PO \u2013 PIA: 6:00 \u2013 20:00 Tel.: +421 902 901 172 Lom \u010cierne K\u013ea\u010dany Ved\u00faca lomu\/Predaj: Nikoleta Laurincov\u00e1 Tel.: +421\u00a0911\u00a0146\u00a0726 Email: nikoleta.laurincova@colas-sk.sk Exped\u00edcia: PO \u2013 PIA: 6:00 \u2013 14:30 Tel.: +421\u00a0910\u00a0804\u00a0002 Ved\u00faci strediska lomy: Ing. R\u00f3bert Kredatus Tel.: +421\u00a0902\u00a0901\u00a0168 Email: robert.kredatus@colas-sk.sk<\/p>\n","protected":false},"author":1,"featured_media":0,"parent":0,"menu_order":0,"comment_status":"closed","ping_status":"closed","template":"","meta":[],"_links":{"self":[{"href":"http:\/\/www.islom.sk\/web\/wp-json\/wp\/v2\/pages\/20"}],"collection":[{"href":"http:\/\/www.islom.sk\/web\/wp-json\/wp\/v2\/pages"}],"about":[{"href":"http:\/\/www.islom.sk\/web\/wp-json\/wp\/v2\/types\/page"}],"author":[{"embeddable":true,"href":"http:\/\/www.islom.sk\/web\/wp-json\/wp\/v2\/users\/1"}],"replies":[{"embeddable":true,"href":"http:\/\/www.islom.sk\/web\/wp-json\/wp\/v2\/comments?post=20"}],"version-history":[{"count":15,"href":"http:\/\/www.islom.sk\/web\/wp-json\/wp\/v2\/pages\/20\/revisions"}],"predecessor-version":[{"id":602,"href":"http:\/\/www.islom.sk\/web\/wp-json\/wp\/v2\/pages\/20\/revisions\/602"}],"wp:attachment":[{"href":"http:\/\/www.islom.sk\/web\/wp-json\/wp\/v2\/media?parent=20"}],"curies":[{"name":"wp","href":"https:\/\/api.w.org\/{rel}","templated":true}]}}